{"id":9,"date":"2026-02-18T14:27:04","date_gmt":"2026-02-18T14:27:04","guid":{"rendered":"https:\/\/baskurtworkshop.com\/index.php\/sepet\/"},"modified":"2026-02-18T14:37:42","modified_gmt":"2026-02-18T14:37:42","slug":"sepet","status":"publish","type":"page","link":"https:\/\/baskurtworkshop.com\/index.php\/sepet\/","title":{"rendered":"Sepet"},"content":{"rendered":"\n<div data-block-name=\"woocommerce\/cart\" class=\"wp-block-woocommerce-cart alignwide is-loading\">\n<div data-block-name=\"woocommerce\/filled-cart-block\" class=\"wp-block-woocommerce-filled-cart-block\">\n<div data-block-name=\"woocommerce\/cart-items-block\" class=\"wp-block-woocommerce-cart-items-block\">\n<div data-block-name=\"woocommerce\/cart-line-items-block\" class=\"wp-block-woocommerce-cart-line-items-block\"><\/div>\n\n\n<\/div>\n\n\n\n\n<div data-block-name=\"woocommerce\/cart-totals-block\" class=\"wp-block-woocommerce-cart-totals-block\">\n<div data-block-name=\"woocommerce\/cart-order-summary-block\" class=\"wp-block-woocommerce-cart-order-summary-block\">\n<div data-block-name=\"woocommerce\/cart-order-summary-heading-block\" class=\"wp-block-woocommerce-cart-order-summary-heading-block\"><\/div><div data-block-name=\"woocommerce\/cart-order-summary-coupon-form-block\" class=\"wp-block-woocommerce-cart-order-summary-coupon-form-block\"><\/div><div data-block-name=\"woocommerce\/cart-order-summary-totals-block\" class=\"wp-block-woocommerce-cart-order-summary-totals-block\">\n<div data-block-name=\"woocommerce\/cart-order-summary-subtotal-block\" class=\"wp-block-woocommerce-cart-order-summary-subtotal-block\"><\/div>\n<div data-block-name=\"woocommerce\/cart-order-summary-discount-block\" class=\"wp-block-woocommerce-cart-order-summary-discount-block\"><\/div>\n<div data-block-name=\"woocommerce\/cart-order-summary-fee-block\" class=\"wp-block-woocommerce-cart-order-summary-fee-block\"><\/div>\n<div data-block-name=\"woocommerce\/cart-order-summary-shipping-block\" class=\"wp-block-woocommerce-cart-order-summary-shipping-block\"><\/div>\n<div data-block-name=\"woocommerce\/cart-order-summary-taxes-block\" class=\"wp-block-woocommerce-cart-order-summary-taxes-block\"><\/div><\/div>\n<\/div>\n\n\n\n<div data-block-name=\"woocommerce\/cart-express-payment-block\" class=\"wp-block-woocommerce-cart-express-payment-block\"><\/div>\n\n\n\n<div data-block-name=\"woocommerce\/proceed-to-checkout-block\" class=\"wp-block-woocommerce-proceed-to-checkout-block\"><\/div>\n\n\n\n<div data-block-name=\"woocommerce\/cart-accepted-payment-methods-block\" class=\"wp-block-woocommerce-cart-accepted-payment-methods-block\"><\/div>\n<\/div>\n<\/div>\n\n\n\n<div data-block-name=\"woocommerce\/empty-cart-block\" class=\"wp-block-woocommerce-empty-cart-block\">\n<h2 class=\"wp-block-heading has-text-align-center with-empty-cart-icon wc-block-cart__empty-cart__title\">Sepetiniz \u015fu anda bo\u015f!<\/h2>\n\n\n\n<hr class=\"wp-block-separator has-alpha-channel-opacity is-style-dots\"\/>\n\n\n\n<h2 class=\"wp-block-heading has-text-align-center\">Ma\u011fazada yeni<\/h2>\n\n\n<div data-block-name=\"woocommerce\/product-new\" data-columns=\"4\" data-rows=\"1\" class=\"wc-block-grid wp-block-product-new wp-block-woocommerce-product-new wc-block-product-new has-4-columns\"><ul class=\"wc-block-grid__products\"><li class=\"wc-block-grid__product\">\n\t\t\t\t<a href=\"https:\/\/baskurtworkshop.com\/index.php\/urun\/este-kisiye-ozel-3d-tasarim-vazo\/\" class=\"wc-block-grid__product-link\">\n\t\t\t\t\t<div class=\"wc-block-grid__product-onsale\">\n\t\t\t<span aria-hidden=\"true\">\u0130ndirim<\/span>\n\t\t\t<span class=\"screen-reader-text\">\u0130ndirimdeki \u00fcr\u00fcn<\/span>\n\t\t<\/div>\n\t\t\t\t\t<div class=\"wc-block-grid__product-image\"><img loading=\"lazy\" decoding=\"async\" width=\"442\" height=\"450\" src=\"https:\/\/baskurtworkshop.com\/wp-content\/uploads\/2026\/02\/4-442x450.png\" class=\"attachment-woocommerce_thumbnail size-woocommerce_thumbnail\" alt=\"Este Ki\u015fiye \u00d6zel 3D Tasar\u0131m Vazo\" \/><\/div>\n\t\t\t\t\t<div class=\"wc-block-grid__product-title\">Este Ki\u015fiye \u00d6zel 3D Tasar\u0131m Vazo<\/div>\n\t\t\t\t<\/a>\n\t\t\t\t<div class=\"wc-block-grid__product-price price\"><del aria-hidden=\"true\"><span class=\"woocommerce-Price-amount amount\"><span class=\"woocommerce-Price-currencySymbol\">&#8378;<\/span>2.750,00<\/span><\/del> <span class=\"screen-reader-text\">Orijinal fiyat: &#8378;2.750,00.<\/span><ins aria-hidden=\"true\"><span class=\"woocommerce-Price-amount amount\"><span class=\"woocommerce-Price-currencySymbol\">&#8378;<\/span>2.250,00<\/span><\/ins><span class=\"screen-reader-text\">\u015eu andaki fiyat: &#8378;2.250,00.<\/span><\/div>\n\t\t\t\t\n\t\t\t\t<div class=\"wp-block-button wc-block-grid__product-add-to-cart\"><a href=\"\/index.php\/wp-json\/wp\/v2\/pages\/9?add-to-cart=51\" aria-label=\"Sepete ekle: \u201cEste Ki\u015fiye \u00d6zel 3D Tasar\u0131m Vazo\u201d\" data-quantity=\"1\" data-product_id=\"51\" data-product_sku=\"\" data-price=\"2250\" rel=\"nofollow\" class=\"wp-block-button__link wp-element-button add_to_cart_button ajax_add_to_cart\">Sepete Ekle<\/a><\/div>\n\t\t\t<\/li><li class=\"wc-block-grid__product\">\n\t\t\t\t<a href=\"https:\/\/baskurtworkshop.com\/index.php\/urun\/stone-kisiye-ozel-3d-tasarim-vazo\/\" class=\"wc-block-grid__product-link\">\n\t\t\t\t\t\n\t\t\t\t\t<div class=\"wc-block-grid__product-image\"><img loading=\"lazy\" decoding=\"async\" width=\"371\" height=\"450\" src=\"https:\/\/baskurtworkshop.com\/wp-content\/uploads\/2026\/02\/3-371x450.png\" class=\"attachment-woocommerce_thumbnail size-woocommerce_thumbnail\" alt=\"Stone Ki\u015fiye \u00d6zel 3D Tasar\u0131m Vazo\" \/><\/div>\n\t\t\t\t\t<div class=\"wc-block-grid__product-title\">Stone Ki\u015fiye \u00d6zel 3D Tasar\u0131m Vazo<\/div>\n\t\t\t\t<\/a>\n\t\t\t\t<div class=\"wc-block-grid__product-price price\"><span class=\"woocommerce-Price-amount amount\"><span class=\"woocommerce-Price-currencySymbol\">&#8378;<\/span>3.000,00<\/span><\/div>\n\t\t\t\t\n\t\t\t\t<div class=\"wp-block-button wc-block-grid__product-add-to-cart\"><a href=\"\/index.php\/wp-json\/wp\/v2\/pages\/9?add-to-cart=50\" aria-label=\"Sepete ekle: \u201cStone Ki\u015fiye \u00d6zel 3D Tasar\u0131m Vazo\u201d\" data-quantity=\"1\" data-product_id=\"50\" data-product_sku=\"\" data-price=\"3000\" rel=\"nofollow\" class=\"wp-block-button__link wp-element-button add_to_cart_button ajax_add_to_cart\">Sepete Ekle<\/a><\/div>\n\t\t\t<\/li><li class=\"wc-block-grid__product\">\n\t\t\t\t<a href=\"https:\/\/baskurtworkshop.com\/index.php\/urun\/gold-kisiye-ozel-3d-tasarim-vazo\/\" class=\"wc-block-grid__product-link\">\n\t\t\t\t\t\n\t\t\t\t\t<div class=\"wc-block-grid__product-image\"><img loading=\"lazy\" decoding=\"async\" width=\"276\" height=\"418\" src=\"https:\/\/baskurtworkshop.com\/wp-content\/uploads\/2026\/02\/2.png\" class=\"attachment-woocommerce_thumbnail size-woocommerce_thumbnail\" alt=\"Gold Ki\u015fiye \u00d6zel 3D Tasar\u0131m Vazo\" srcset=\"https:\/\/baskurtworkshop.com\/wp-content\/uploads\/2026\/02\/2.png 276w, https:\/\/baskurtworkshop.com\/wp-content\/uploads\/2026\/02\/2-198x300.png 198w\" sizes=\"auto, (max-width: 276px) 100vw, 276px\" \/><\/div>\n\t\t\t\t\t<div class=\"wc-block-grid__product-title\">Gold Ki\u015fiye \u00d6zel 3D Tasar\u0131m Vazo<\/div>\n\t\t\t\t<\/a>\n\t\t\t\t<div class=\"wc-block-grid__product-price price\"><span class=\"woocommerce-Price-amount amount\"><span class=\"woocommerce-Price-currencySymbol\">&#8378;<\/span>2.200,00<\/span><\/div>\n\t\t\t\t\n\t\t\t\t<div class=\"wp-block-button wc-block-grid__product-add-to-cart\"><a href=\"\/index.php\/wp-json\/wp\/v2\/pages\/9?add-to-cart=48\" aria-label=\"Sepete ekle: \u201cGold Ki\u015fiye \u00d6zel 3D Tasar\u0131m Vazo\u201d\" data-quantity=\"1\" data-product_id=\"48\" data-product_sku=\"\" data-price=\"2200\" rel=\"nofollow\" class=\"wp-block-button__link wp-element-button add_to_cart_button ajax_add_to_cart\">Sepete Ekle<\/a><\/div>\n\t\t\t<\/li><li class=\"wc-block-grid__product\">\n\t\t\t\t<a href=\"https:\/\/baskurtworkshop.com\/index.php\/urun\/heart-kisiye-ozel-3d-tasarim-vazo\/\" class=\"wc-block-grid__product-link\">\n\t\t\t\t\t\n\t\t\t\t\t<div class=\"wc-block-grid__product-image\"><img loading=\"lazy\" decoding=\"async\" width=\"272\" height=\"396\" src=\"https:\/\/baskurtworkshop.com\/wp-content\/uploads\/2026\/02\/1.png\" class=\"attachment-woocommerce_thumbnail size-woocommerce_thumbnail\" alt=\"Heart Ki\u015fiye \u00d6zel 3D Tasar\u0131m Vazo\" srcset=\"https:\/\/baskurtworkshop.com\/wp-content\/uploads\/2026\/02\/1.png 272w, https:\/\/baskurtworkshop.com\/wp-content\/uploads\/2026\/02\/1-206x300.png 206w\" sizes=\"auto, (max-width: 272px) 100vw, 272px\" \/><\/div>\n\t\t\t\t\t<div class=\"wc-block-grid__product-title\">Heart Ki\u015fiye \u00d6zel 3D Tasar\u0131m Vazo<\/div>\n\t\t\t\t<\/a>\n\t\t\t\t<div class=\"wc-block-grid__product-price price\"><span class=\"woocommerce-Price-amount amount\"><span class=\"woocommerce-Price-currencySymbol\">&#8378;<\/span>2.500,00<\/span><\/div>\n\t\t\t\t\n\t\t\t\t<div class=\"wp-block-button wc-block-grid__product-add-to-cart\"><a href=\"\/index.php\/wp-json\/wp\/v2\/pages\/9?add-to-cart=42\" aria-label=\"Sepete ekle: \u201cHeart Ki\u015fiye \u00d6zel 3D Tasar\u0131m Vazo\u201d\" data-quantity=\"1\" data-product_id=\"42\" data-product_sku=\"\" data-price=\"2500\" rel=\"nofollow\" class=\"wp-block-button__link wp-element-button add_to_cart_button ajax_add_to_cart\">Sepete Ekle<\/a><\/div>\n\t\t\t<\/li><\/ul><\/div><\/div>\n<\/div>\n","protected":false},"excerpt":{"rendered":"","protected":false},"author":1,"featured_media":0,"parent":0,"menu_order":0,"comment_status":"closed","ping_status":"closed","template":"","meta":{"footnotes":""},"class_list":["post-9","page","type-page","status-publish","hentry"],"yoast_head":"<!-- This site is optimized with the Yoast SEO plugin v27.0 - https:\/\/yoast.com\/product\/yoast-seo-wordpress\/ -->\n<title>Sepet - BASKURT WORKSHOP<\/title>\n<meta name=\"robots\" content=\"index, follow, max-snippet:-1, max-image-preview:large, max-video-preview:-1\" \/>\n<link rel=\"canonical\" href=\"https:\/\/baskurtworkshop.com\/index.php\/sepet\/\" \/>\n<meta property=\"og:locale\" content=\"tr_TR\" \/>\n<meta property=\"og:type\" content=\"article\" \/>\n<meta property=\"og:title\" content=\"Sepet - BASKURT WORKSHOP\" \/>\n<meta property=\"og:url\" content=\"https:\/\/baskurtworkshop.com\/index.php\/sepet\/\" \/>\n<meta property=\"og:site_name\" content=\"BASKURT WORKSHOP\" \/>\n<meta property=\"article:modified_time\" content=\"2026-02-18T14:37:42+00:00\" \/>\n<meta name=\"twitter:card\" content=\"summary_large_image\" \/>\n<script type=\"application\/ld+json\" class=\"yoast-schema-graph\">{\"@context\":\"https:\/\/schema.org\",\"@graph\":[{\"@type\":\"WebPage\",\"@id\":\"https:\/\/baskurtworkshop.com\/index.php\/sepet\/\",\"url\":\"https:\/\/baskurtworkshop.com\/index.php\/sepet\/\",\"name\":\"Sepet - BASKURT WORKSHOP\",\"isPartOf\":{\"@id\":\"https:\/\/baskurtworkshop.com\/#website\"},\"datePublished\":\"2026-02-18T14:27:04+00:00\",\"dateModified\":\"2026-02-18T14:37:42+00:00\",\"breadcrumb\":{\"@id\":\"https:\/\/baskurtworkshop.com\/index.php\/sepet\/#breadcrumb\"},\"inLanguage\":\"tr\",\"potentialAction\":[{\"@type\":\"ReadAction\",\"target\":[\"https:\/\/baskurtworkshop.com\/index.php\/sepet\/\"]}]},{\"@type\":\"BreadcrumbList\",\"@id\":\"https:\/\/baskurtworkshop.com\/index.php\/sepet\/#breadcrumb\",\"itemListElement\":[{\"@type\":\"ListItem\",\"position\":1,\"name\":\"Anasayfa\",\"item\":\"https:\/\/baskurtworkshop.com\/\"},{\"@type\":\"ListItem\",\"position\":2,\"name\":\"Sepet\"}]},{\"@type\":\"WebSite\",\"@id\":\"https:\/\/baskurtworkshop.com\/#website\",\"url\":\"https:\/\/baskurtworkshop.com\/\",\"name\":\"BASKURT WORKSHOP\",\"description\":\"\",\"potentialAction\":[{\"@type\":\"SearchAction\",\"target\":{\"@type\":\"EntryPoint\",\"urlTemplate\":\"https:\/\/baskurtworkshop.com\/?s={search_term_string}\"},\"query-input\":{\"@type\":\"PropertyValueSpecification\",\"valueRequired\":true,\"valueName\":\"search_term_string\"}}],\"inLanguage\":\"tr\"}]}<\/script>\n<!-- \/ Yoast SEO plugin. -->","yoast_head_json":{"title":"Sepet - BASKURT WORKSHOP","robots":{"index":"index","follow":"follow","max-snippet":"max-snippet:-1","max-image-preview":"max-image-preview:large","max-video-preview":"max-video-preview:-1"},"canonical":"https:\/\/baskurtworkshop.com\/index.php\/sepet\/","og_locale":"tr_TR","og_type":"article","og_title":"Sepet - BASKURT WORKSHOP","og_url":"https:\/\/baskurtworkshop.com\/index.php\/sepet\/","og_site_name":"BASKURT WORKSHOP","article_modified_time":"2026-02-18T14:37:42+00:00","twitter_card":"summary_large_image","schema":{"@context":"https:\/\/schema.org","@graph":[{"@type":"WebPage","@id":"https:\/\/baskurtworkshop.com\/index.php\/sepet\/","url":"https:\/\/baskurtworkshop.com\/index.php\/sepet\/","name":"Sepet - BASKURT WORKSHOP","isPartOf":{"@id":"https:\/\/baskurtworkshop.com\/#website"},"datePublished":"2026-02-18T14:27:04+00:00","dateModified":"2026-02-18T14:37:42+00:00","breadcrumb":{"@id":"https:\/\/baskurtworkshop.com\/index.php\/sepet\/#breadcrumb"},"inLanguage":"tr","potentialAction":[{"@type":"ReadAction","target":["https:\/\/baskurtworkshop.com\/index.php\/sepet\/"]}]},{"@type":"BreadcrumbList","@id":"https:\/\/baskurtworkshop.com\/index.php\/sepet\/#breadcrumb","itemListElement":[{"@type":"ListItem","position":1,"name":"Anasayfa","item":"https:\/\/baskurtworkshop.com\/"},{"@type":"ListItem","position":2,"name":"Sepet"}]},{"@type":"WebSite","@id":"https:\/\/baskurtworkshop.com\/#website","url":"https:\/\/baskurtworkshop.com\/","name":"BASKURT WORKSHOP","description":"","potentialAction":[{"@type":"SearchAction","target":{"@type":"EntryPoint","urlTemplate":"https:\/\/baskurtworkshop.com\/?s={search_term_string}"},"query-input":{"@type":"PropertyValueSpecification","valueRequired":true,"valueName":"search_term_string"}}],"inLanguage":"tr"}]}},"_links":{"self":[{"href":"https:\/\/baskurtworkshop.com\/index.php\/wp-json\/wp\/v2\/pages\/9","targetHints":{"allow":["GET"]}}],"collection":[{"href":"https:\/\/baskurtworkshop.com\/index.php\/wp-json\/wp\/v2\/pages"}],"about":[{"href":"https:\/\/baskurtworkshop.com\/index.php\/wp-json\/wp\/v2\/types\/page"}],"author":[{"embeddable":true,"href":"https:\/\/baskurtworkshop.com\/index.php\/wp-json\/wp\/v2\/users\/1"}],"replies":[{"embeddable":true,"href":"https:\/\/baskurtworkshop.com\/index.php\/wp-json\/wp\/v2\/comments?post=9"}],"version-history":[{"count":1,"href":"https:\/\/baskurtworkshop.com\/index.php\/wp-json\/wp\/v2\/pages\/9\/revisions"}],"predecessor-version":[{"id":13,"href":"https:\/\/baskurtworkshop.com\/index.php\/wp-json\/wp\/v2\/pages\/9\/revisions\/13"}],"wp:attachment":[{"href":"https:\/\/baskurtworkshop.com\/index.php\/wp-json\/wp\/v2\/media?parent=9"}],"curies":[{"name":"wp","href":"https:\/\/api.w.org\/{rel}","templated":true}]}}